{"id":19093,"date":"2020-09-04T07:01:37","date_gmt":"2020-09-04T04:01:37","guid":{"rendered":"https:\/\/www.duuri.fi\/lattialuukku-alumiini-450x450mm-ei60-valettava\/"},"modified":"2026-03-06T06:31:51","modified_gmt":"2026-03-06T04:31:51","slug":"gridas-luka-aluminija-450x450mm-ei60-ugunsizturiga","status":"publish","type":"product","link":"https:\/\/www.duuri.fi\/lv\/gridas-luka-aluminija-450x450mm-ei60-ugunsizturiga\/","title":{"rendered":"GR\u012aDAS L\u016aKA ALUM\u012aNIJA 450X450MM EI60 UGUNSIZTUR\u012aGA"},"content":{"rendered":"<p>No alum\u012bnija izgatavota rev\u012bzijas l\u016bka. R\u0101mis ir izgatavots no ekstrud\u0113ta alum\u012bnija un l\u016bka\u00a0\u2013 no alum\u012bnija pl\u0101tnes. G\u0101zu un \u016bdensdro\u0161a rev\u012bzijas l\u016bka, kas ir izgatavota ar prec\u012bziem izm\u0113riem. \u012apa\u0161ais bl\u012bv\u0113jums ir iztur\u012bgs pret \u0137imik\u0101lij\u0101m. Mazo le\u0146\u0137u un prec\u012bzo izm\u0113ru malu konstrukcijas d\u0113\u013c l\u016bka p\u0113c uzst\u0101d\u012b\u0161anas gr\u012bd\u0101 ir teju nepaman\u0101ma. L\u016bka ir lieliski piem\u0113rota uzst\u0101d\u012b\u0161anai viet\u0101s, kur past\u0101v augstas pras\u012bbas attiec\u012bb\u0101 uz rev\u012bzijas l\u016bkas redzam\u0101s malas izskatu. Rev\u012bzijas l\u016bk\u0101 iestr\u0101d\u0101t\u0101 armat\u016bra uzlabo t\u0101s konstrukcijas celtsp\u0113ju. L\u016bka ir piem\u0113rota uzst\u0101d\u012b\u0161anai viet\u0101s, kur past\u0101v augstas pras\u012bbas attiec\u012bb\u0101 uz rev\u012bzijas l\u016bkas redzamo malu izskatu vai ja gr\u012bda p\u0113c tam ir j\u0101apstr\u0101d\u0101 (piem., parketa gr\u012bdas). Celtsp\u0113ja: 125\u00a0kN. Ugunsiztur\u012bba: EI60.<\/p>\n","protected":false},"excerpt":{"rendered":"<p>Rev\u012bzijas l\u016bka, alum\u012bnija. G\u0101zu un \u016bdensdro\u0161a. Lieto\u0161anai telp\u0101s un \u0101r\u0101. Celtsp\u0113ja: 125\u00a0kN. EI60.<\/p>\n","protected":false},"featured_media":14028,"comment_status":"closed","ping_status":"closed","template":"","meta":{"_acf_changed":false},"product_brand":[5402],"product_cat":[4472,4473],"product_tag":[],"class_list":{"0":"post-19093","1":"product","2":"type-product","3":"status-publish","4":"has-post-thumbnail","6":"product_brand-hago","7":"product_cat-lattialuukut-lv","8":"product_cat-mittatilaus-lattialuukut-lv","10":"first","11":"instock","12":"shipping-taxable","13":"product-type-simple"},"acf":[],"yoast_head":"<!-- This site is optimized with the Yoast SEO plugin v25.5 - https:\/\/yoast.com\/wordpress\/plugins\/seo\/ -->\n<title>GR\u012aDAS L\u016aKA ALUM\u012aNIJA 450X450MM EI60 UGUNSIZTUR\u012aGA - Duuri Oy<\/title>\n<meta name=\"robots\" content=\"index, follow, max-snippet:-1, max-image-preview:large, max-video-preview:-1\" \/>\n<link rel=\"canonical\" href=\"https:\/\/www.duuri.fi\/lattialuukku-alumiini-450x450mm-ei60-valettava\/\" \/>\n<meta property=\"og:locale\" content=\"lv_LV\" \/>\n<meta property=\"og:type\" content=\"article\" \/>\n<meta property=\"og:title\" content=\"GR\u012aDAS L\u016aKA ALUM\u012aNIJA 450X450MM EI60 UGUNSIZTUR\u012aGA - Duuri Oy\" \/>\n<meta property=\"og:description\" content=\"Rev\u012bzijas l\u016bka, alum\u012bnija. G\u0101zu un \u016bdensdro\u0161a. Lieto\u0161anai telp\u0101s un \u0101r\u0101. Celtsp\u0113ja: 125\u00a0kN. EI60.\" \/>\n<meta property=\"og:url\" content=\"https:\/\/www.duuri.fi\/lattialuukku-alumiini-450x450mm-ei60-valettava\/\" \/>\n<meta property=\"og:site_name\" content=\"Duuri Oy\" \/>\n<meta property=\"article:modified_time\" content=\"2026-03-06T04:31:51+00:00\" \/>\n<meta property=\"og:image\" content=\"https:\/\/www.duuri.fi\/wp-content\/uploads\/2020\/08\/T1_BVA45.jpg\" \/>\n\t<meta property=\"og:image:width\" content=\"1888\" \/>\n\t<meta property=\"og:image:height\" content=\"1382\" \/>\n\t<meta property=\"og:image:type\" content=\"image\/jpeg\" \/>\n<meta name=\"twitter:card\" content=\"summary_large_image\" \/>\n<meta name=\"twitter:label1\" content=\"Est. reading time\" \/>\n\t<meta name=\"twitter:data1\" content=\"1 minute\" \/>\n<script type=\"application\/ld+json\" class=\"yoast-schema-graph\">{\"@context\":\"https:\/\/schema.org\",\"@graph\":[{\"@type\":\"WebPage\",\"@id\":\"https:\/\/www.duuri.fi\/lattialuukku-alumiini-450x450mm-ei60-valettava\/\",\"url\":\"https:\/\/www.duuri.fi\/lattialuukku-alumiini-450x450mm-ei60-valettava\/\",\"name\":\"GR\u012aDAS L\u016aKA ALUM\u012aNIJA 450X450MM EI60 UGUNSIZTUR\u012aGA - Duuri Oy\",\"isPartOf\":{\"@id\":\"https:\/\/www.duuri.fi\/sv\/#website\"},\"primaryImageOfPage\":{\"@id\":\"https:\/\/www.duuri.fi\/lattialuukku-alumiini-450x450mm-ei60-valettava\/#primaryimage\"},\"image\":{\"@id\":\"https:\/\/www.duuri.fi\/lattialuukku-alumiini-450x450mm-ei60-valettava\/#primaryimage\"},\"thumbnailUrl\":\"https:\/\/www.duuri.fi\/wp-content\/uploads\/2020\/08\/T1_BVA45.jpg\",\"datePublished\":\"2020-09-04T04:01:37+00:00\",\"dateModified\":\"2026-03-06T04:31:51+00:00\",\"breadcrumb\":{\"@id\":\"https:\/\/www.duuri.fi\/lattialuukku-alumiini-450x450mm-ei60-valettava\/#breadcrumb\"},\"inLanguage\":\"lv-LV\",\"potentialAction\":[{\"@type\":\"ReadAction\",\"target\":[\"https:\/\/www.duuri.fi\/lattialuukku-alumiini-450x450mm-ei60-valettava\/\"]}]},{\"@type\":\"ImageObject\",\"inLanguage\":\"lv-LV\",\"@id\":\"https:\/\/www.duuri.fi\/lattialuukku-alumiini-450x450mm-ei60-valettava\/#primaryimage\",\"url\":\"https:\/\/www.duuri.fi\/wp-content\/uploads\/2020\/08\/T1_BVA45.jpg\",\"contentUrl\":\"https:\/\/www.duuri.fi\/wp-content\/uploads\/2020\/08\/T1_BVA45.jpg\",\"width\":1888,\"height\":1382},{\"@type\":\"BreadcrumbList\",\"@id\":\"https:\/\/www.duuri.fi\/lattialuukku-alumiini-450x450mm-ei60-valettava\/#breadcrumb\",\"itemListElement\":[{\"@type\":\"ListItem\",\"position\":1,\"name\":\"Home\",\"item\":\"https:\/\/www.duuri.fi\/lv\/\"},{\"@type\":\"ListItem\",\"position\":2,\"name\":\"Produkter\",\"item\":\"https:\/\/www.duuri.fi\/sv\/produkter\/\"},{\"@type\":\"ListItem\",\"position\":3,\"name\":\"GR\u012aDAS L\u016aKA ALUM\u012aNIJA 450X450MM EI60 UGUNSIZTUR\u012aGA\"}]},{\"@type\":\"WebSite\",\"@id\":\"https:\/\/www.duuri.fi\/sv\/#website\",\"url\":\"https:\/\/www.duuri.fi\/sv\/\",\"name\":\"Duuri Oy\",\"description\":\"Tuotteet ja asiantuntijapalvelut kodin sisustuksen ja julkisten tilojen viimeistelyyn\",\"publisher\":{\"@id\":\"https:\/\/www.duuri.fi\/sv\/#organization\"},\"potentialAction\":[{\"@type\":\"SearchAction\",\"target\":{\"@type\":\"EntryPoint\",\"urlTemplate\":\"https:\/\/www.duuri.fi\/sv\/?s={search_term_string}\"},\"query-input\":{\"@type\":\"PropertyValueSpecification\",\"valueRequired\":true,\"valueName\":\"search_term_string\"}}],\"inLanguage\":\"lv-LV\"},{\"@type\":\"Organization\",\"@id\":\"https:\/\/www.duuri.fi\/sv\/#organization\",\"name\":\"Duuri Oy\",\"url\":\"https:\/\/www.duuri.fi\/sv\/\",\"logo\":{\"@type\":\"ImageObject\",\"inLanguage\":\"lv-LV\",\"@id\":\"https:\/\/www.duuri.fi\/sv\/#\/schema\/logo\/image\/\",\"url\":\"https:\/\/www.duuri.fi\/wp-content\/uploads\/2020\/08\/Duuri_uusi-logo.png\",\"contentUrl\":\"https:\/\/www.duuri.fi\/wp-content\/uploads\/2020\/08\/Duuri_uusi-logo.png\",\"width\":242,\"height\":91,\"caption\":\"Duuri Oy\"},\"image\":{\"@id\":\"https:\/\/www.duuri.fi\/sv\/#\/schema\/logo\/image\/\"}}]}<\/script>\n<!-- \/ Yoast SEO plugin. -->","yoast_head_json":{"title":"GR\u012aDAS L\u016aKA ALUM\u012aNIJA 450X450MM EI60 UGUNSIZTUR\u012aGA - Duuri Oy","robots":{"index":"index","follow":"follow","max-snippet":"max-snippet:-1","max-image-preview":"max-image-preview:large","max-video-preview":"max-video-preview:-1"},"canonical":"https:\/\/www.duuri.fi\/lattialuukku-alumiini-450x450mm-ei60-valettava\/","og_locale":"lv_LV","og_type":"article","og_title":"GR\u012aDAS L\u016aKA ALUM\u012aNIJA 450X450MM EI60 UGUNSIZTUR\u012aGA - Duuri Oy","og_description":"Rev\u012bzijas l\u016bka, alum\u012bnija. G\u0101zu un \u016bdensdro\u0161a. Lieto\u0161anai telp\u0101s un \u0101r\u0101. Celtsp\u0113ja: 125\u00a0kN. EI60.","og_url":"https:\/\/www.duuri.fi\/lattialuukku-alumiini-450x450mm-ei60-valettava\/","og_site_name":"Duuri Oy","article_modified_time":"2026-03-06T04:31:51+00:00","og_image":[{"width":1888,"height":1382,"url":"https:\/\/www.duuri.fi\/wp-content\/uploads\/2020\/08\/T1_BVA45.jpg","type":"image\/jpeg"}],"twitter_card":"summary_large_image","twitter_misc":{"Est. reading time":"1 minute"},"schema":{"@context":"https:\/\/schema.org","@graph":[{"@type":"WebPage","@id":"https:\/\/www.duuri.fi\/lattialuukku-alumiini-450x450mm-ei60-valettava\/","url":"https:\/\/www.duuri.fi\/lattialuukku-alumiini-450x450mm-ei60-valettava\/","name":"GR\u012aDAS L\u016aKA ALUM\u012aNIJA 450X450MM EI60 UGUNSIZTUR\u012aGA - Duuri Oy","isPartOf":{"@id":"https:\/\/www.duuri.fi\/sv\/#website"},"primaryImageOfPage":{"@id":"https:\/\/www.duuri.fi\/lattialuukku-alumiini-450x450mm-ei60-valettava\/#primaryimage"},"image":{"@id":"https:\/\/www.duuri.fi\/lattialuukku-alumiini-450x450mm-ei60-valettava\/#primaryimage"},"thumbnailUrl":"https:\/\/www.duuri.fi\/wp-content\/uploads\/2020\/08\/T1_BVA45.jpg","datePublished":"2020-09-04T04:01:37+00:00","dateModified":"2026-03-06T04:31:51+00:00","breadcrumb":{"@id":"https:\/\/www.duuri.fi\/lattialuukku-alumiini-450x450mm-ei60-valettava\/#breadcrumb"},"inLanguage":"lv-LV","potentialAction":[{"@type":"ReadAction","target":["https:\/\/www.duuri.fi\/lattialuukku-alumiini-450x450mm-ei60-valettava\/"]}]},{"@type":"ImageObject","inLanguage":"lv-LV","@id":"https:\/\/www.duuri.fi\/lattialuukku-alumiini-450x450mm-ei60-valettava\/#primaryimage","url":"https:\/\/www.duuri.fi\/wp-content\/uploads\/2020\/08\/T1_BVA45.jpg","contentUrl":"https:\/\/www.duuri.fi\/wp-content\/uploads\/2020\/08\/T1_BVA45.jpg","width":1888,"height":1382},{"@type":"BreadcrumbList","@id":"https:\/\/www.duuri.fi\/lattialuukku-alumiini-450x450mm-ei60-valettava\/#breadcrumb","itemListElement":[{"@type":"ListItem","position":1,"name":"Home","item":"https:\/\/www.duuri.fi\/lv\/"},{"@type":"ListItem","position":2,"name":"Produkter","item":"https:\/\/www.duuri.fi\/sv\/produkter\/"},{"@type":"ListItem","position":3,"name":"GR\u012aDAS L\u016aKA ALUM\u012aNIJA 450X450MM EI60 UGUNSIZTUR\u012aGA"}]},{"@type":"WebSite","@id":"https:\/\/www.duuri.fi\/sv\/#website","url":"https:\/\/www.duuri.fi\/sv\/","name":"Duuri Oy","description":"Tuotteet ja asiantuntijapalvelut kodin sisustuksen ja julkisten tilojen viimeistelyyn","publisher":{"@id":"https:\/\/www.duuri.fi\/sv\/#organization"},"potentialAction":[{"@type":"SearchAction","target":{"@type":"EntryPoint","urlTemplate":"https:\/\/www.duuri.fi\/sv\/?s={search_term_string}"},"query-input":{"@type":"PropertyValueSpecification","valueRequired":true,"valueName":"search_term_string"}}],"inLanguage":"lv-LV"},{"@type":"Organization","@id":"https:\/\/www.duuri.fi\/sv\/#organization","name":"Duuri Oy","url":"https:\/\/www.duuri.fi\/sv\/","logo":{"@type":"ImageObject","inLanguage":"lv-LV","@id":"https:\/\/www.duuri.fi\/sv\/#\/schema\/logo\/image\/","url":"https:\/\/www.duuri.fi\/wp-content\/uploads\/2020\/08\/Duuri_uusi-logo.png","contentUrl":"https:\/\/www.duuri.fi\/wp-content\/uploads\/2020\/08\/Duuri_uusi-logo.png","width":242,"height":91,"caption":"Duuri Oy"},"image":{"@id":"https:\/\/www.duuri.fi\/sv\/#\/schema\/logo\/image\/"}}]}},"_links":{"self":[{"href":"https:\/\/www.duuri.fi\/lv\/wp-json\/wp\/v2\/product\/19093","targetHints":{"allow":["GET"]}}],"collection":[{"href":"https:\/\/www.duuri.fi\/lv\/wp-json\/wp\/v2\/product"}],"about":[{"href":"https:\/\/www.duuri.fi\/lv\/wp-json\/wp\/v2\/types\/product"}],"replies":[{"embeddable":true,"href":"https:\/\/www.duuri.fi\/lv\/wp-json\/wp\/v2\/comments?post=19093"}],"wp:featuredmedia":[{"embeddable":true,"href":"https:\/\/www.duuri.fi\/lv\/wp-json\/wp\/v2\/media\/14028"}],"wp:attachment":[{"href":"https:\/\/www.duuri.fi\/lv\/wp-json\/wp\/v2\/media?parent=19093"}],"wp:term":[{"taxonomy":"product_brand","embeddable":true,"href":"https:\/\/www.duuri.fi\/lv\/wp-json\/wp\/v2\/product_brand?post=19093"},{"taxonomy":"product_cat","embeddable":true,"href":"https:\/\/www.duuri.fi\/lv\/wp-json\/wp\/v2\/product_cat?post=19093"},{"taxonomy":"product_tag","embeddable":true,"href":"https:\/\/www.duuri.fi\/lv\/wp-json\/wp\/v2\/product_tag?post=19093"}],"curies":[{"name":"wp","href":"https:\/\/api.w.org\/{rel}","templated":true}]}}

GRĪDAS LŪKA ALUMĪNIJA 450X450MM EI60 UGUNSIZTURĪGA

<p>No alumīnija izgatavota revīzijas lūka. Rāmis ir izgatavots no ekstrudēta alumīnija un lūka – no alumīnija plātnes. Gāzu un ūdensdroša revīzijas lūka, kas ir izgatavota ar precīziem izmēriem. Īpašais blīvējums ir izturīgs pret ķimikālijām. Mazo leņķu un precīzo izmēru malu konstrukcijas dēļ lūka pēc uzstādīšanas grīdā ir teju nepamanāma. Lūka ir lieliski piemērota uzstādīšanai vietās, kur pastāv augstas prasības attiecībā uz revīzijas lūkas redzamās malas izskatu. Revīzijas lūkā iestrādātā armatūra uzlabo tās konstrukcijas celtspēju. Lūka ir piemērota uzstādīšanai vietās, kur pastāv augstas prasības attiecībā uz revīzijas lūkas redzamo malu izskatu vai ja grīda pēc tam ir jāapstrādā (piem., parketa grīdas). Celtspēja: 125 kN. Ugunsizturība: EI60.</p>

<p>Revīzijas lūka, alumīnija. Gāzu un ūdensdroša. Lietošanai telpās un ārā. Celtspēja: 125 kN. EI60.</p>

<!-- This site is optimized with the Yoast SEO plugin v25.5 - https://yoast.com/wordpress/plugins/seo/ -->
<title>GRĪDAS LŪKA ALUMĪNIJA 450X450MM EI60 UGUNSIZTURĪGA - Duuri Oy</title>
<meta name="robots" content="index, follow, max-snippet:-1, max-image-preview:large, max-video-preview:-1" />
<link rel="canonical" href="https://www.duuri.fi/lattialuukku-alumiini-450x450mm-ei60-valettava/" />
<meta property="og:locale" content="lv_LV" />
<meta property="og:type" content="article" />
<meta property="og:title" content="GRĪDAS LŪKA ALUMĪNIJA 450X450MM EI60 UGUNSIZTURĪGA - Duuri Oy" />
<meta property="og:description" content="Revīzijas lūka, alumīnija. Gāzu un ūdensdroša. Lietošanai telpās un ārā. Celtspēja: 125 kN. EI60." />
<meta property="og:url" content="https://www.duuri.fi/lattialuukku-alumiini-450x450mm-ei60-valettava/" />
<meta property="og:site_name" content="Duuri Oy" />
<meta property="article:modified_time" content="2026-03-06T04:31:51+00:00" />
<meta property="og:image" content="https://www.duuri.fi/wp-content/uploads/2020/08/T1_BVA45.jpg" />
	<meta property="og:image:width" content="1888" />
	<meta property="og:image:height" content="1382" />
	<meta property="og:image:type" content="image/jpeg" />
<meta name="twitter:card" content="summary_large_image" />
<meta name="twitter:label1" content="Est. reading time" />
	<meta name="twitter:data1" content="1 minute" />
<script type="application/ld+json" class="yoast-schema-graph">{"@context":"https://schema.org","@graph":[{"@type":"WebPage","@id":"https://www.duuri.fi/lattialuukku-alumiini-450x450mm-ei60-valettava/","url":"https://www.duuri.fi/lattialuukku-alumiini-450x450mm-ei60-valettava/","name":"GRĪDAS LŪKA ALUMĪNIJA 450X450MM EI60 UGUNSIZTURĪGA - Duuri Oy","isPartOf":{"@id":"https://www.duuri.fi/sv/#website"},"primaryImageOfPage":{"@id":"https://www.duuri.fi/lattialuukku-alumiini-450x450mm-ei60-valettava/#primaryimage"},"image":{"@id":"https://www.duuri.fi/lattialuukku-alumiini-450x450mm-ei60-valettava/#primaryimage"},"thumbnailUrl":"https://www.duuri.fi/wp-content/uploads/2020/08/T1_BVA45.jpg","datePublished":"2020-09-04T04:01:37+00:00","dateModified":"2026-03-06T04:31:51+00:00","breadcrumb":{"@id":"https://www.duuri.fi/lattialuukku-alumiini-450x450mm-ei60-valettava/#breadcrumb"},"inLanguage":"lv-LV","potentialAction":[{"@type":"ReadAction","target":["https://www.duuri.fi/lattialuukku-alumiini-450x450mm-ei60-valettava/"]}]},{"@type":"ImageObject","inLanguage":"lv-LV","@id":"https://www.duuri.fi/lattialuukku-alumiini-450x450mm-ei60-valettava/#primaryimage","url":"https://www.duuri.fi/wp-content/uploads/2020/08/T1_BVA45.jpg","contentUrl":"https://www.duuri.fi/wp-content/uploads/2020/08/T1_BVA45.jpg","width":1888,"height":1382},{"@type":"BreadcrumbList","@id":"https://www.duuri.fi/lattialuukku-alumiini-450x450mm-ei60-valettava/#breadcrumb","itemListElement":[{"@type":"ListItem","position":1,"name":"Home","item":"https://www.duuri.fi/lv/"},{"@type":"ListItem","position":2,"name":"Produkter","item":"https://www.duuri.fi/sv/produkter/"},{"@type":"ListItem","position":3,"name":"GRĪDAS LŪKA ALUMĪNIJA 450X450MM EI60 UGUNSIZTURĪGA"}]},{"@type":"WebSite","@id":"https://www.duuri.fi/sv/#website","url":"https://www.duuri.fi/sv/","name":"Duuri Oy","description":"Tuotteet ja asiantuntijapalvelut kodin sisustuksen ja julkisten tilojen viimeistelyyn","publisher":{"@id":"https://www.duuri.fi/sv/#organization"},"potentialAction":[{"@type":"SearchAction","target":{"@type":"EntryPoint","urlTemplate":"https://www.duuri.fi/sv/?s={search_term_string}"},"query-input":{"@type":"PropertyValueSpecification","valueRequired":true,"valueName":"search_term_string"}}],"inLanguage":"lv-LV"},{"@type":"Organization","@id":"https://www.duuri.fi/sv/#organization","name":"Duuri Oy","url":"https://www.duuri.fi/sv/","logo":{"@type":"ImageObject","inLanguage":"lv-LV","@id":"https://www.duuri.fi/sv/#/schema/logo/image/","url":"https://www.duuri.fi/wp-content/uploads/2020/08/Duuri_uusi-logo.png","contentUrl":"https://www.duuri.fi/wp-content/uploads/2020/08/Duuri_uusi-logo.png","width":242,"height":91,"caption":"Duuri Oy"},"image":{"@id":"https://www.duuri.fi/sv/#/schema/logo/image/"}}]}</script>
<!-- / Yoast SEO plugin. -->

GRĪDAS LŪKA ALUMĪNIJA 450X450MM EI60 UGUNSIZTURĪGA - Duuri Oy

Revīzijas lūka, alumīnija. Gāzu un ūdensdroša. Lietošanai telpās un ārā. Celtspēja: 125 kN. EI60.
